)?
0
Let d(u) = -2302*u + 36950. What is d(16)?
118
Let p(b) = 10*b**2 + 305*b + 3490. What is p(-12)?
1270
Let r(c) = -c**2 + 118*c - 6005. Determine r(61).
-2528
Let j(w) = -18752*w - 112538. What is j(-6)?
-26
Let s(o) = -o**3 + 76*o**2 + 2095*o + 1262. Determine s(-21).
44
Let z(w) = 148*w - 32613. Determine z(218).
-349
Let g(o) = 2241*o + 20174. Give g(-9).
5
Let g(d) = -212*d**3 + 2121*d**2 - 17*d + 66. Give g(10).
-4
Let r(z) = -z**3 - 7*z**2 + 311653*z + 1869965. What is r(-6)?
11
Let i(x) = 5*x**2 - 208*x + 71. What is i(40)?
-249
Let q(t) = -t**3 - 6*t**2 + 89*t + 521. Determine q(-6).
-13
Let q(z) = 139*z + 29086. Determine q(-204).
730
Let m(s) = s**3 + 46*s**2 - 171*s - 1054. Determine m(-49).
122
Let h(y) = -235*y**2 + 975*y + 842. Determine h(5).
-158
Let u(t) = -367*t - 14772. Determine u(-44).
1376
Let u(h) = -h**2 + 38*h - 101. What is u(9)?
160
Let x(u) = 6034*u - 211165. Determine x(35).
25
Let k(l) = -l**3 + 38*l**2 + 396*l - 17347. Calculate k(36).
-499
Let z(j) = 203094*j**2 + 203126*j - 1. Give z(-1).
-33
Let f(p) = 6*p**2 - 1734*p + 69098. What is f(48)?
-310
Let r(w) = -6*w**3 - 97*w**2 + 393*w + 1388. What is r(-19)?
58
Let m(l) = 347*l + 3577. Give m(-11).
-240
Let y(k) = -k**3 + 150*k**2 - 456*k + 2201. What is y(147)?
-4
Let m(j) = 460*j - 1175. Calculate m(3).
205
Let a(d) = -2*d**2 + 87*d + 32. Calculate a(0).
32
Let d(w) = -2398*w + 27416. Determine d(12).
-1360
Let w(p) = 4*p**3 + 1017*p**2 + 1238*p - 6907. Calculate w(-253).
-76
Let t(o) = -o**3 + 66*o**2 - 1177*o + 2858. Calculate t(31).
6
Let d(o) = -o**3 - 45*o**2 - 133*o - 3520. Give d(-44).
396
Let l(d) = 41536*d - 83079. Calculate l(2).
-7
Let k(n) = -9*n**2 - 2106*n - 12649. Give k(-6).
-337
Let h(g) = -22*g**3 + 4*g**2 - 274*g + 273. Calculate h(1).
-19
Let c(f) = -4*f**2 + 499*f - 3171. What is c(118)?
15
Let p(v) = -52*v**3 + 313*v**2 + v - 28. Give p(4).
1656
Let a(q) = -3324*q + 19919. Give a(6).
-25
Let j(z) = 2*z**2 - 94731*z - 24094962. Calculate j(-253).
-1
Let p(b) = 22*b - 2006. Determine p(85).
-136
Let t(n) = -61*n - 1530. What is t(-2)?
-1408
Let d(a) = -13*a**2 + 865*a + 2253. Give d(69).
45
Let s(n) = -n**3 + 1118*n**2 + 8979*n - 224. Calculate s(-8).
8
Let k(w) = 1523975*w - 7619883. Give k(5).
-8
Let h(s) = -104*s - 6000. What is h(-62)?
448
Let m(r) = -r**3 + 1123*r**2 + 19502*r - 139082. Calculate m(1140).
-2
Let q(l) = 3*l**2 - 134*l + 555. Determine q(40).
-5
Let a(f) = f**3 + 64*f**2 - 469*f - 26291. Calculate a(-65).
-31
Let r(l) = -1116*l + 12319. What is r(11)?
43
Let a(d) = -d**3 + 24*d**2 - 851*d + 3785. What is a(5)?
5
Let s(q) = 1205*q - 137378. What is s(114)?
-8
Let a(h) = -h**2 + 8163*h + 361076. What is a(-44)?
-32
Let t(p) = -33*p**3 + 2178*p**2 - 95*p + 6278. Give t(66).
8
Let c(o) = -15*o**2 + 73*o + 1156. What is c(0)?
1156
Let j(z) = -4*z**2 - 76370*z - 76373. Give j(-1).
-7
Let o(w) = 2231*w + 3249. Calculate o(-1).
1018
Let h(j) = 9514*j - 1284396. Calculate h(135).
-6
Let s(g) = 441*g - 23358. Give s(50).
-1308
Let z(t) = 84*t**2 + 572*t - 2265. Calculate z(4).
1367
Let u(o) = -2*o**3 - 28*o**2 + 47*o + 1600. Calculate u(-12).
460
Let h(i) = -31*i**3 + 307*i**2 + 767*i - 38. What is h(12)?
-194
Let a(q) = -2483*q - 228366. Determine a(-92).
70
Let w(b) = -9492*b - 256291. Calculate w(-27).
-7
Let s(b) = -b**3 - 35*b**2 - 293*b - 20. Calculate s(-21).
-41
Let g(y) = -3902*y + 85843. Calculate g(22).
-1
Let f(s) = 285*s - 44479. Calculate f(156).
-19
Let p(g) = 378*g + 15542. Determine p(-41).
44
Let t(y) = -455*y - 15587. Calculate t(-34).
-117
Let m(u) = -27233*u - 898912. What is m(-33)?
-223
Let y(b) = -660*b + 183. Calculate y(0).
183
Let z(j) = 130*j + 29013. Determine z(-224).
-107
Let u(f) = -4928*f + 3484091. What is u(707)?
-5
Let u(x) = 43820*x - 657262. Calculate u(15).
38
Let g(h) = 17*h**2 + 253*h - 6401. What is g(20)?
5459
Let g(w) = 3*w**3 + 7*w**2 + 5*w - 5. What is g(5)?
570
Let i(o) = o**3 - 20*o**2 - 69*o + 761. Give i(12).
-1219
Let g(v) = 2*v**3 + 7*v**2 + 1296*v + 3865. Calculate g(-3).
-14
Let z(d) = d**3 + 7*d**2 + 339*d + 1527. Give z(-5).
-118
Let w(x) = -39*x**2 + 349*x - 22. What is w(10)?
-432
Let f(x) = 2*x**3 - 110*x**2 + 850*x - 205. Give f(9).
-7
Let o(j) = 21*j - 175. Calculate o(27).
392
Let o(g) = -g**3 - 524*g**2 + 5369*g - 122. Calculate o(10).
168
Let c(v) = 721544*v + 7215434. What is c(-10)?
-6
Let l(z) = -2133*z - 93117. What is l(-43)?
-1398
Let m(j) = j**2 + 4*j + 24. Determine m(12).
216
Let w(o) = o**3 - 14*o**2 - 3252*o + 23040. Calculate w(7).
-67
Let v(u) = 9*u**3 + 8*u**2 + 376*u + 1470. Calculate v(-4).
-482
Let o(f) = -324*f - 2469. Determine o(-10).
771
Let b(y) = -3278*y + 108245. Give b(33).
71
Let d(s) = 196*s**2 - 41*s + 124. Determine d(3).
1765
Let g(o) = -o**3 + 40*o**2 - 226*o - 192. Determine g(33).
-27
Let w(g) = g**2 + 3530*g - 1046381. Determine w(275).
-6
Let z(v) = -5*v**3 - 349*v**2 + 768*v - 1724. What is z(-72)?
4
Let x(j) = 18*j**2 + 862*j + 147. Determine x(-49).
1127
Let b(d) = -d**3 - 69*d**2 - 3492*d - 258017. What is b(-71)?
-3
Let v(a) = a**3 + 18*a**2 - 31*a - 719. Determine v(-16).
289
Let o(r) = 26699*r + 133484. Determine o(-5).
-11
Let g(f) = -58800*f + 1176018. What is g(20)?
18
Let y(q) = 3060*q + 468180. Give y(-153).
0
Let a(b) = -15083*b - 30159. Give a(-2).
7
Let v(n) = -157*n**2 + 5*n + 9. Determine v(-5).
-3941
Let s(a) = 2*a**3 + 26*a**2 + 43*a + 896. What is s(-20)?
-5564
Let n(j) = 4*j**3 - 1118*j - 5840. What is n(-6)?
4
Let d(k) = -k**3 + 62*k**2 + 99*k - 1020. Determine d(64).
-2876
Let q(j) = 21*j**2 - 294*j + 1156. Give q(4).
316
Let p(o) = -o**2 + 450*o - 3316. What is p(8)?
220
Let t(j) = 47*j**3 - 2343*j**2 - 351*j + 63. What is t(50)?
13
Let r(d) = -109*d - 1292. Calculate r(-5).
-747
Let z(b) = 12523*b - 1001958. What is z(80)?
-118
Let x(f) = -4*f**2 + 214*f + 305. Determine x(48).
1361
Let y(p) = -58*p**2 - 25811*p + 145. Calculate y(-445).
590
Let p(a) = -10*a**2 - 9255*a + 88834. What is p(-935)?
9
Let i(o) = -2940*o + 17475. Calculate i(6).
-165
Let t(a) = 328*a - 5077. Calculate t(13).
-813
Let m(f) = f**2 - 16301*f. Give m(0).
0
Let y(m) = m**3 + 28*m**2 - 133*m - 3732. Give y(-28).
-8
Let c(l) = -3*l**3 + 67*l**2 - 4*l - 420. Calculate c(22).
-24
Let k(h) = -16*h**2 - 2778*h - 1707. Give k(-173).
23
Let i(n) = n**3 + 74*n**2 - 11187*n - 1374. Determine i(-149).
414
Let n(c) = 2679*c - 696728. Give n(260).
-188
Let a(t) = -2*t**3 - 15*t**2 + 14*t + 93. Determine a(-6).
-99
Let r(q) = q**3 + 266*q**2 + 4917*q - 136. Calculate r(-246).
602
Let j(y) = y**3 - 53*y**2 + 60*y + 3951. Determine j(49).
-2713
Let h(p) = -p**2 + 87*p - 134. Give h(13).
828
Let h(s) = -4*s**3 + 30*s**2 + 51*s - 2. Calculate h(8).
278
Let d(q) = 221300*q + 2434320. Calculate d(-11).
20
Let a(m) = -515*m**2 + 132*m - 122. Determine a(1).
-505
Let i(r) = 13*r**2 + 1099*r - 2208. Calculate i(2).
42
Let r(a) = -14838*a - 29666. Determine r(-2).
10
Let o(r) = -1395*r + 1474. What is o(2)?
-1316
Let c(x) = 36563*x + 1389396. Give c(-38).
2
Let p(q) = 225*q**2 - 810*q + 1621. What is p(2)?
901
Let c(h) = 3023*h + 33278. Give c(-11).
25
Let r(o) = 482*o - 21619. What is r(45)?
71
Let a(l) = l**3 - 173*l**2 - 335*l - 1474. Give a(175).
1151
Let y(k) = -k**2 + 36*k + 34059. Give y(205).
-586
Let k(t) = 6*t**3 + 62*t**2 + 57*t. Give k(-9).
135
Let n(w) = -18*w**2 - 238*w + 181. What is n(-14)?
-15
Let o(w) = w**3 + 528*w**2 + 2619*w + 42. Determine o(-5).
22
Let i(o) = -90203*o + 90282. Calculate i(1).
79
Let f(y) = 381*y**2 + 6426*y - 872. Give f(-17).
-5
Let a(s) = s**3 - 326*s**2 + 8352*s - 120. Determine a(28).
104
Let m(l) = -19884*l + 576638. Determine m(29).
2
Let f(g) = g**3 + 164*g**2 - 3675*g + 916. What is f(-184)?
-4
Let o(j) = 3489*j - 34639. What is o(10)?
251
Let j(l) = -2*l**2 + 7232*l - 193779. Determine j(27).
27
Let y(r) = 775*r - 36889. What is y(48)?
311
Let q(i) = i**3 - 196*i**2 - 855*i + 10970. What is q(200)?
-30
Let t(i) = -80*i**2 + 2294*i + 974. Give t(29).
220
Let a(n) = -4*n**2 + 2304*n + 865050. Determine a(835).
-10
Let f(x) = -1271*x - 36792. Give f(-29).
67
Let h(l) = -2*l**3 - 3144*l**2 + 271256*l + 2. Determine h(82).
2
Let k(z) = -z**3 + 14*z**2 - 34*z + 160. Calculate k(11).
149
Let g(k) = 26*k**3 -